 prime factors of p.
2, 3
Let f(s) = -2*s - 4. Let v = 0 - 3. Let o be f(v). Suppose -o*u + 3 = -7. List the prime factors of u.
5
Let l = 52 + -19. What are the prime factors of l?
3, 11
Let i(w) = -w**2 - w + 5. Let z be i(0). Suppose -z*u + 246 = 81. List the prime factors of u.
3, 11
Suppose -2*c - 5*i + 28 = 0, -4*c + 24 = 2*i - 0. Let f = 7 - c. Suppose 3*m - f = 2*m. List the prime factors of m.
3
Let a(s) = s**2 + 6*s - 3. Let d be a(-6). What are the prime factors of 45*6/(-45)*d?
2, 3
Let a(r) be the first derivative of 11*r**3/6 - r**2/2 - 3*r + 1. Let w(n) be the first derivative of a(n). What are the prime factors of w(1)?
2, 5
Suppose 5*z - 48 = t, z - 30 = -z + 4*t. List the prime factors of z.
3
What are the prime factors of (-2)/3*(-22 - 14)?
2, 3
Let o be (-33)/(-4) - 15/(-20). Let u be (-24)/o*(-6)/4. Suppose -j = j - 5*g - 3, 12 = 2*j + u*g. List the prime factors of j.
2
Let s(w) = w - 3. Let i be s(6). Let p be 86/6 - (-2)/i. Suppose -4*c = p - 75. What are the prime factors of c?
3, 5
Let u = 115 + -20. What are the prime factors of u?
5, 19
Let i be (-2 - 48/(-20))*10. List the prime factors of i + 0 - 3 - -1.
2
List the prime factors of (-51)/(-34) + 574/4.
5, 29
Let p = 9 + -6. Let z = 5 + p. List the prime factors of z.
2
What are the prime factors of 6/27 - 4118/(-18)?
229
Let o(b) = -3*b. Let a be o(3). Let k = 10 - a. List the prime factors of k.
19
Let a = 33 - 15. List the prime factors of a.
2, 3
Let x(w) = w**3 + 2*w**2 + 2*w + 2. Let s(y) = -y + 1. Let b be s(3). Let r be x(b). List the prime factors of 0/(-4) + (r - -9).
7
Suppose 5*a + 0*a = -4*m + 169, a = -3*m + 25. List the prime factors of a.
37
Let i(h) = 0*h + 1 + 3*h + 28*h**3 + 0 + h**2 - 5*h. Let g be i(1). Suppose 40 = 4*a - g. What are the prime factors of a?
17
Let y = 110 - -25. List the prime factors of y.
3, 5
Let r(v) be the second derivative of -v**6/720 + v**5/60 - v**4/12 - 2*v. Let m(h) be the third derivative of r(h). List the prime factors of m(-2).
2
Let t(v) = v**2 + 6*v + 6. Let x be t(-4). List the prime factors of (-10)/(-4) - (-1)/x.
2
Suppose 0 = 18*n - 14*n - 12. Suppose -20 = -6*c + c. Suppose -c = -n*i + i. List the prime factors of i.
2
Suppose 3*t = 2*t + 3. Suppose -27 = -4*f + t*f + 3*m, -3*f - m = -101. What are the prime factors of f?
3, 11
Suppose 2*c = -4*i + 68, 0 = 3*i + 3*c + 2*c - 58. List the prime factors of i.
2
Let j = 37 - 61. Let f be 1/(-4)*2*j. Let g = 19 - f. What are the prime factors of g?
7
Suppose 5*w = 5*o - 5, 0*w - 4 = -o - 2*w. List the prime factors of 26/(-4)*o*-1.
13
Let v = 45 + 13. What are the prime factors of v?
2, 29
Suppose -c = 2*q - 32, -5*q = -3*q + 5*c - 40. List the prime factors of q.
3, 5
List the prime factors of 1/(4 + (-278)/70).
5, 7
Suppose 177 + 129 = 3*h. List the prime factors of h.
2, 3, 17
Let c(n) = -n - 5. Let p be c(-7). Suppose 24 = p*g + 2*g. What are the prime factors of (12/9)/(g/45)?
2, 5
Suppose 0*t + 320 = 5*t. Suppose 0 = -2*n + t + 24. List the prime factors of n.
2, 11
Suppose -5*n + 1001 = 8*n. What are the prime factors of n?
7, 11
Suppose -f - 5*h = 4*f - 225, 172 = 4*f + 2*h. List the prime factors of f.
41
Suppose 4*o = -2*m + 36, -2*m - 2*o + 5 + 21 = 0. Suppose -5*x - 26 = -11. Let v = m + x. What are the prime factors of v?
5
Let g = 2 - -1. Suppose -2*q = -6*q + 4*t + 32, g*q = -4*t + 38. What are the prime factors of q?
2, 5
What are the prime factors of (-9)/54 - (-2605)/6?
2, 7, 31
Let u(o) be the first derivative of 0*o**2 + 0*o + 1/3*o**3 + 3. What are the prime factors of u(-3)?
3
Suppose d = 3*c - 2*d - 255, -5*c + 425 = 5*d. List the prime factors of c/3 + 7/(-21).
2, 7
Let m = 85 - 48. What are the prime factors of m?
37
Let k = -10 + 10. Suppose k = 4*u - 0*u - 92. What are the prime factors of u?
23
Let b be (6/7)/(2/(-14)). Let w(z) be the third derivative of z**5/60 + z**4/4 + z**3/2 + 13*z**2. List the prime factors of w(b).
3
Suppose 9 = 2*d + p, 0 = -3*d + 4*p + 13 + 6. Suppose 0 = -4*x - 5*r + 67, -r - 58 = -d*x + 4. What are the prime factors of x?
13
Let v(r) be the third derivative of -r**4/24 + 2*r**3 + r**2. Let x be v(9). Suppose 0 = -t + 4 + x. What are the prime factors of t?
7
Let s(h) = 59*h + 5. Let k be s(4). Suppose -t = 4*g - 59, -5*t - g - g + k = 0. List the prime factors of t.
47
Let o be 3 - (-2 - -2)/(-1). Suppose -2*v - 7 = -o*k, 2*v - k - 3*k = -12. List the prime factors of v.
2
Let x(n) = -n**3 + 6*n**2 + 11*n - 9. List the prime factors of x(7).
19
Let c(z) = z + 8. Let y be c(0). Let u = 9 - 4. Suppose u*n = n + y. What are the prime factors of n?
2
Let s(d) = -d**3 + 8*d**2 + 2*d - 5. Suppose 3*c + 24 = 6*c. List the prime factors of s(c).
11
Suppose 0 = 4*y - 5*v - 230, 0 = -y + 2*v + 56. List the prime factors of y.
2, 3, 5
Suppose -2*f = -5*l + 109 + 419, 3*l - 3*f - 315 = 0. What are the prime factors of l?
2, 53
Let k be 27/12 - (-1)/(-4). Suppose 2*f = -5*l + 137, l - 41 = f + k*f. What are the prime factors of l?
29
What are the prime factors of 3/((-9)/(-205)) - 118/(-177)?
3, 23
Let l = -422 - -592. List the prime factors of l.
2, 5, 17
Let s(b) = -b**2 - b + 1. Let r(y) = -4*y**2 - 9*y - 7. Let c(w) = -r(w) + 3*s(w). What are the prime factors of c(-7)?
17
Suppose -21 + 9 = -2*l. Let j be 4/(-3)*135/l. What are the prime factors of ((-54)/j)/(1/5)?
3
Suppose -3*s + 9 = -0. Suppose q + s*a = 2*a + 8, q - 4*a + 7 = 0. What are the prime factors of q?
5
Let m = 751 - 360. List the prime factors of m.
17, 23
Let j be 3*(-168 - (-6)/3). What are the prime factors of (-2)/(-7) - j/21?
2, 3
Let l(g) = -2*g**2 + 6*g + 3. Let z(n) = n**2 + n - 1. Let f(j) = l(j) + z(j). List the prime factors of f(7).
2
Let n(r) = r**3 - 3*r**2 - 6*r + 5. Let u be n(4). Let h be 5*u/(-2 + -1). Let q = h + 8. List the prime factors of q.
13
Suppose 2*z - 116 = 56. List the prime factors of z.
2, 43
Let z(t) = t + 45. What are the prime factors of z(25)?
2, 5, 7
What are the prime factors of 4 - (4 - 1) - -63?
2
Let u be 14/4*(-20)/(-35). Suppose -u*l = 7 - 75. List the prime factors of l.
2, 17
Let b = -13 + 56. What are the prime factors of b?
43
Suppose -45*f + 845 = -40*f. List the prime factors of f.
13
Let h(l) = -l + 1. Let f be h(-2). Let b(k) = -5*k - k**f - 3*k**2 + 5*k**2 + 6*k**2 - 7. List the prime factors of b(7).
7
Let q(j) = 2*j**3 + j**2 - 2*j + 4. Let w be q(4). Suppose 4*d = -32 + w. List the prime factors of d/(-6)*(-2)/3.
3
Let k = -40 + 15. Let i = 16 + -52. Let c = k - i. What are the prime factors of c?
11
Suppose z - 2 = 0, l - z + 2 = -0*l. Suppose l = f - 0*f - 7. List the prime factors of f.
7
Let t(r) = 6*r - 1. Let j = 8 - 4. List the prime factors of t(j).
23
Let m(u) = 5*u + 96. What are the prime factors of m(0)?
2, 3
Suppose 20*n + 0*n - 2720 = 0. What are the prime factors of n?
2, 17
Let z(j) = j**3 - 7*j**2 + 3*j - 3. Let g be z(7). Suppose 3*f - 114 - g = 0. List the prime factors of f.
2, 11
Let o(s) = 2*s**2 + 2*s + 3. What are the prime factors of o(4)?
43
Suppose -5*o - 19 = -p, -3*p = -0*o + 4*o. Let b(x) = x**2 - x + 1. Let w be b(0). Let a = w + p. What are the prime factors of a?
5
Suppose 3*c + 5 = -10, -35 = -5*x - 5*c. What are the prime factors of 5/(35/x)*7?
2, 3
Let u be 0 - (1 + -8 + 2). Let b = u + 3. Suppose -h + b + 0 = 0. What are the prime factors of h?
2
Let i = 0 + 1. List the prime factors of (42/15)/(i/5).
2, 7
Suppose -2*f = f. Suppose f*n = n - 30. List the prime factors of n.
2, 3, 5
Let t be 7*-1*(6 + -7). Let a = 91 + -11. Suppose t*q = 2*q + a. What are the prime factors of q?
2
Let c(p) = 2*p**2 - p - 4. Let z be c(-3). Let w = 5 - 1. Suppose -3*t + z = -w. List the prime factors of t.
7
Suppose -c + 10 + 3 = 4*f, 5*c = -2*f - 7. Let p = f - 0. List the prime factors of p.
2
Let x(p) = p + 1. Let h(i) = i**2 - 11*i - 5. Let k(b) = -2*b**2 + 23*b + 10. Let u(d) = -13*h(d) - 6*k(d). Let o be u(5). List the prime factors of x(o).
2, 3
Let n(w) = -7*w**3 - 5*w**2 - 2*w + 6. Let l(m) = m**2 - 1. Let k(u) = -5*l(u) - n(u). Let v be ((-30)/105)/(2/(-7)). List the prime factors of k(v).
2
Let t(c) = 5*c**2 - 5*c + 23. What are the prime factors of t(5)?
3, 41
Let m be ((-2)/(-3))/(2/3). Let l = -6 - -16. Let b = l - m. List the prime factors of b.
3
Let j(w) = 